e remainder when 101 is divided by 53?
48
Calculate the remainder when 85 is divided by 29.
27
What is the remainder when 113 is divided by 29?
26
What is the remainder when 213 is divided by 4?
1
Calculate the remainder when 217 is divided by 195.
22
Calculate the remainder when 659 is divided by 48.
35
Calculate the remainder when 3199 is divided by 4.
3
Calculate the remainder when 189 is divided by 39.
33
Calculate the remainder when 535 is divided by 45.
40
What is the remainder when 640 is divided by 157?
12
What is the remainder when 47 is divided by 15?
2
Calculate the remainder when 4075 is divided by 408.
403
What is the remainder when 496 is divided by 46?
36
What is the remainder when 939 is divided by 15?
9
Calculate the remainder when 516 is divided by 64.
4
What is the remainder when 303 is divided by 44?
39
What is the remainder when 532 is divided by 20?
12
Calculate the remainder when 453 is divided by 62.
19
What is the remainder when 430 is divided by 68?
22
Calculate the remainder when 1562 is divided by 5.
2
What is the remainder when 241 is divided by 114?
13
What is the remainder when 348 is divided by 27?
24
Calculate the remainder when 188 is divided by 19.
17
Calculate the remainder when 727 is divided by 28.
27
What is the remainder when 1723 is divided by 30?
13
What is the remainder when 76 is divided by 40?
36
What is the remainder when 231 is divided by 42?
21
Calculate the remainder when 1212 is divided by 9.
6
What is the remainder when 3155 is divided by 1049?
8
What is the remainder when 327 is divided by 157?
13
What is the remainder when 436 is divided by 143?
7
What is the remainder when 253 is divided by 64?
61
Calculate the remainder when 65 is divided by 23.
19
Calculate the remainder when 2990 is divided by 596.
10
What is the remainder when 665 is divided by 322?
21
Calculate the remainder when 1562 is divided by 46.
44
Calculate the remainder when 225 is divided by 30.
15
Calculate the remainder when 24 is divided by 9.
6
Calculate the remainder when 1772 is divided by 197.
196
What is the remainder when 303 is divided by 51?
48
Calculate the remainder when 91 is divided by 14.
7
Calculate the remainder when 308 is divided by 148.
12
What is the remainder when 3810 is divided by 37?
36
What is the remainder when 120 is divided by 32?
24
What is the remainder when 394 is divided by 206?
188
What is the remainder when 581 is divided by 98?
91
Calculate the remainder when 96 is divided by 9.
6
What is the remainder when 710 is divided by 17?
13
Calculate the remainder when 220 is divided by 56.
52
What is the remainder when 49067 is divided by 14?
11
Calculate the remainder when 6107 is divided by 34.
21
Calculate the remainder when 652 is divided by 40.
12
Calculate the remainder when 391 is divided by 180.
31
What is the remainder when 53 is divided by 30?
23
Calculate the remainder when 2949 is divided by 18.
15
What is the remainder when 636 is divided by 80?
76
Calculate the remainder when 75 is divided by 27.
21
Calculate the remainder when 184 is divided by 11.
8
Calculate the remainder when 152 is divided by 7.
5
What is the remainder when 690 is divided by 7?
4
What is the remainder when 3159 is divided by 8?
7
Calculate the remainder when 1015 is divided by 280.
175
What is the remainder when 657 is divided by 203?
48
Calculate the remainder when 2337 is divided by 26.
23
Calculate the remainder when 598 is divided by 15.
13
Calculate the remainder when 1116 is divided by 299.
219
Calculate the remainder when 5966 is divided by 271.
4
What is the remainder when 287 is divided by 18?
17
What is the remainder when 102 is divided by 58?
44
What is the remainder when 608 is divided by 3?
2
What is the remainder when 1801 is divided by 595?
16
Calculate the remainder when 69 is divided by 6.
3
What is the remainder when 1422 is divided by 142?
2
What is the remainder when 18 is divided by 14?
4
Calculate the remainder when 1994 is divided by 91.
83
What is the remainder when 293 is divided by 95?
8
What is the remainder when 34 is divided by 25?
9
What is the remainder when 1126 is divided by 23?
22
What is the remainder when 65 is divided by 4?
1
What is the remainder when 1096 is divided by 70?
46
What is the remainder when 88 is divided by 8?
0
Calculate the remainder when 414 is divided by 28.
22
Calculate the remainder when 341 is divided by 28.
5
What is the remainder when 22 is divided by 12?
10
What is the remainder when 1019 is divided by 256?
251
What is the remainder when 337 is divided by 17?
14
What is the remainder when 410 is divided by 16?
10
What is the remainder when 85 is divided by 61?
24
What is the remainder when 491 is divided by 51?
32
Calculate the remainder when 996 is divided by 143.
138
What is the remainder when 209 is divided by 29?
6
What is the remainder when 12764 is divided by 185?
184
Calculate the remainder when 26 is divided by 5.
1
Calculate the remainder when 129 is divided by 58.
13
What is the remainder when 106 is divided by 9?
7
Calculate the remainder when 204 is divided by 188.
16
What is the remainder when 396 is divided by 201?
195
What is the remainder when 355 is divided by 91?
82
What is the remainder when 724 is divided by 103?
3
Calculate the remainder when 546 is divided by 132.
18
What is the remainder when 21 is divided by 12?
9
What is the remainder when 26 is divided by 22?
4
Calculate the remainder when 12537 is divided by 76.
73
What is the remainder when 295 is divided by 89?
28
Calculate the remainder when 221 is divided by 6.
5
Calculate the remainder when 126 is divided by 19.
12
Calculate the remainder when 2009 is divided by 115.
54
Calculate the remainder when 169 is divided by 30.
19
Calculate the remainder when 162 is divided by 43.
33
What is the remainder when 3462 is divided by 193?
181
What is the remainder when 8187 is divided by 14?
11
What is the remainder when 178 is divided by 7?
3
What is the remainder when 429 is divided by 106?
5
What is the remainder when 141 is divided by 106?
35
What is the remainder when 373 is divided by 180?
13
Calculate the remainder when 609 is divided by 13.
11
Calculate the remainder when 12 is divided by 7.
5
Calculate the remainder when 822 is divided by 69.
63
What is the remainder when 278 is divided by 31?
30
What is the remainder when 217 is divided by 55?
52
What is the remainder when 1234 is divided by 543?
148
What is the remainder when 44 is divided by 2?
0
What is the remainder when 1005 is divided by 265?
210
Calculate the remainder when 212 is divided by 16.
4
What is the remainder when 141 is divided by 25?
16
Calculate the remainder when 163 is divided by 29.
18
What is the remainder when 902 is divided by 299?
5
Calculate the remainder when 18336 is divided by 140.
136
What is the remainder when 1621 is divided by 56?
53
What is the remainder when 1641 is divided by 150?
141
Calculate the remainder when 273 is divided by 12.
9
Calculate the remainder when 656 is divided by 20.
16
What is the remainder when 152 is divided by 22?
20
What is the remainder when 251 is divided by 13?
4
What is the remainder when 968 is divided by 108?
104
Calculate the remainder when 3226 is divided by 90.
76
Calculate the remainder when 181 is divided by 46.
43
Calculate the remainder when 91 is divided by 4.
3
What is the remainder when 74 is divided by 21?
11
Calculate the remainder when 20 is divided by 18.
2
Calculate the remainder when 10582 is divided by 84.
82
Calculate the remainder when 252 is divided by 61.
8
Calculate the remainder when 63 is divided by 35.
28
Calculate the remainder when 2349 is divided by 174.
87
What is the remainder when 616 is divided by 205?
1
Calculate the remainder when 4453 is divided by 45.
43
Calculate the remainder when 1113 is divided by 556.
1
What is the remainder when 355 is divided by 21?
19
What is the remainder when 2002 is divided by 118?
114
What is the remainder when 138 is divided by 14?
12
What is the remainder when 1498 is divided by 50?
48
Calculate the remainder when 22 is divided by 13.
9
Calculate the remainder when 300 is divided by 63.
48
Calculate the remainder when 362 is divided by 116.
14
Calculate the remainder when 59 is divided